7. Let g be u(-5). Let d = 32 - g. Suppose 5*v - 64 + d = 0. What are the prime factors of v?
2
Let i = 29 + 4. Suppose 4*h + 5 = i. List the prime factors of h.
7
Suppose 40 = -3*d - 2*d. Let l(w) = -w**3 - 8*w**2 - 3*w - 12. What are the prime factors of l(d)?
2, 3
Let g = 2 - -3. Suppose m = g, -3*j = -6*j + 5*m + 23. List the prime factors of j.
2
Let l = 114 + -190. List the prime factors of (l/16 + 4)*-32.
2, 3
Suppose 6*f - 100 = 11*f. Let c = f + 27. List the prime factors of c.
7
Suppose -285 = -4*v - 3*z, -3*v + 2*z + 155 = -63. What are the prime factors of v?
2, 3
Let o(g) = g + 1. Let b be o(6). Let c = -68 + 96. Suppose b = 5*j - c. What are the prime factors of j?
7
Suppose m + 31 - 178 = 0. What are the prime factors of m?
3, 7
Suppose -4*k = s - 208, k + 3*k = 5*s + 184. Suppose -2*p - 2 = 0, -2*a + 0*a + 3*p + k = 0. List the prime factors of (-32)/a*30/(-4).
2, 5
Suppose -4 = -4*b + 8. Suppose i - 13 = b*a - 6*a, -4*a = 4. List the prime factors of i.
2
Suppose -16*s + 1092 = -4*s. List the prime factors of s.
7, 13
Let n = -18 - -68. List the prime factors of n.
2, 5
Suppose 5*r = 3*o - 384, -o + 3*r - 360 = -4*o. Suppose 4*w - 140 = -5*a, 50 = -2*a - 5*w + o. Suppose -j + a = 3*j. What are the prime factors of j?
2, 3
Let p = -40 - -59. List the prime factors of p.
19
Let h(m) = 3*m + 12. Let w be h(-6). Let l(c) be the second derivative of -c**3/3 + c**2/2 + c. What are the prime factors of l(w)?
13
Suppose -2*g + 6*g - 40 = 0. List the prime factors of g.
2, 5
What are the prime factors of 24/(-30)*55/(-2)?
2, 11
Suppose 18 = 2*h + 6. Let g = h + -3. What are the prime factors of g?
3
Let r be 4/14 - (-649)/7. Let i = -51 + r. What are the prime factors of i?
2, 3, 7
Let q(n) = 9*n**2 + 10. What are the prime factors of q(-3)?
7, 13
Suppose r - 3*r + 8 = 0. Let y be r/(-14) + 6/21. List the prime factors of (5 - 1) + -2 + y.
2
Let l(b) = -b + 1. Let q(w) = 1. Let k(u) = -3*l(u) + 7*q(u). Let n be k(4). Let z = n + -8. List the prime factors of z.
2
Let o(s) = -1 - 7*s**3 + s + 0 + s. What are the prime factors of o(-2)?
3, 17
Suppose -s = 24 - 9. Let f = -3 - s. List the prime factors of f.
2, 3
Let h be 8/4*50/4. Suppose 4*y + 4*j - 76 = 0, 0 = 2*y - 2*j - h - 9. What are the prime factors of y?
2, 3
List the prime factors of ((-1)/(-3))/(17/3927).
7, 11
Let n(j) be the second derivative of j**3/2 + 2*j. Let a be n(3). Let d = a + -4. List the prime factors of d.
5
Let t(p) be the second derivative of -p**3/6 + 9*p**2 - 6*p. List the prime factors of t(0).
2, 3
Suppose 12*f - 166 = 10*f. List the prime factors of f.
83
Suppose 0*v - 10 = v. List the prime factors of (24/10)/((-2)/v).
2, 3
Let q = -65 - -189. Suppose -4*n - t = -4*t - q, 5*t = -4*n + 156. List the prime factors of n.
2, 17
Let r be (-1 - 0 - -1)/1. Let y(h) = -5 - h - 2*h + r*h. What are the prime factors of y(-4)?
7
Let n(y) = -y**3 + 3*y**2 + 3*y + 3. Let i be n(4). Let q(f) = -3*f - 1. Let b be q(i). Let g(p) = -p**2 + 4*p - 1. List the prime factors of g(b).
3
Let x be -1 + -1 - -2 - 11. Let o = 2 - x. List the prime factors of o.
13
Suppose -3*l + 11 = -b + 72, 5*l + 5*b = -95. Let z = 4 + l. Let g = z - -23. List the prime factors of g.
7
Let d(r) = r**2 + 9*r + 8. Let a be d(-7). Let h be 4/a - 20/15. List the prime factors of 0 - ((-2 - h) + -11).
11
Suppose 3*m - m - 20 = 0. Suppose -5*b - m = 0, 0 = -5*h + 2*b + 2 - 3. List the prime factors of (-5)/1*(0 + h).
5
Let a(q) = -32*q + 2. Let s(b) = -b**2 - 6*b + 3. Let l be s(-6). Let o be a(l). What are the prime factors of o/(-6) + 2/6?
2
Suppose -7*w + 388 + 368 = 0. What are the prime factors of w?
2, 3
Suppose -469 = -8*m + 915. What are the prime factors of m?
173
Suppose -3*w + 366 + 279 = 0. List the prime factors of w.
5, 43
Let g = -5 + 11. Suppose -2*x + x = -g. List the prime factors of x.
2, 3
Let p(n) = -3*n**2 + 1 + 3 + 2*n**2 + n + 0. Let a be p(0). What are the prime factors of (-195)/(-12) + 3/a?
17
Suppose 4*d = -5*f + 10, -f = -3*d - 0*f + 17. Suppose z - 3*t = 0, -4*z + d*t = 2*t. Suppose 0 = -5*r - z*r + 30. What are the prime factors of r?
2, 3
Let y(w) = 10*w**3 + w. List the prime factors of y(1).
11
Suppose 0 = -9*w + 12*w - 90. What are the prime factors of w?
2, 3, 5
Let j(g) = g - 8. Let p be (-3 - -2*3) + 3. Let d be j(p). List the prime factors of (d/(-3))/((-16)/(-264)).
11
Let q = -374 - -585. List the prime factors of q.
211
Let y(j) = -32*j + 2. What are the prime factors of y(-1)?
2, 17
Let r = 1 + 2. Suppose -4*s + 40 = r*i, 0 = i - 5*i. What are the prime factors of s?
2, 5
Let u(g) = -g**2 + g**3 + 23 + 2*g**2 - 4*g**3 + 2*g**3. List the prime factors of u(0).
23
Let f be (-9)/(-1 - 0) + 1. Let r = -4 + f. What are the prime factors of r?
2, 3
Let r be (-3)/(-2 - 1) - -2. Suppose -3*h = r*f + 6, 5 = -h - 2*f + 1. List the prime factors of (-10)/((-1)/1 + h).
2, 5
What are the prime factors of (164/(-8))/((-5)/20)?
2, 41
Suppose -2*b + 6 = 4*n, 4*b = -n - 10 - 6. Suppose -3*a + n = 1. Let m(g) = 17*g**3 - g**2. What are the prime factors of m(a)?
2
Suppose -m + 4*q = 20, -4*m + 0*q + q - 20 = 0. Let z be m/(4/2) - 1. List the prime factors of (-7)/z + (-2)/6.
2
Suppose 2*f + 0*q - 2*q - 74 = 0, -2*q + 124 = 4*f. List the prime factors of f.
3, 11
Suppose 3*a - 21 = 6. Suppose -3*s = -6 - a. Suppose 4*i - 43 = s*x, -3*i - 2*x - 2*x = -40. List the prime factors of i.
2, 3
Suppose -3*g = -2*g - 2. Suppose g*u - 7 = 9. What are the prime factors of u?
2
List the prime factors of (-1)/(-2)*(20 + -2).
3
Suppose 2*c - 4*c = -3*k + 3, 0 = -c + 4*k - 9. Let i be (-1)/c*(1 - 16). Let x = 5 + i. List the prime factors of x.
2, 5
Let z be 4/3*(-3)/(-2). Suppose z*c + 2 = 0, -2*n + 4*c = -n - 31. List the prime factors of n.
3
Let f = 13 - 9. Suppose -3*v = -f*w + 70, w + w = v + 34. What are the prime factors of w?
2
Suppose v + 2*v - 11 = w, 0 = -5*v - 2*w. Suppose -3*a = v*a + 2*l - 170, 0 = 2*a - 2*l - 68. What are the prime factors of a?
2, 17
Suppose -9*h - 10 = -4*h. Let x = h - -9. List the prime factors of x.
7
Let f(z) be the first derivative of 2*z**3/3 - z**2 - 4*z - 1. Let q be f(5). Suppose -4*x + 20 = 4*c - q, -4*c = 3*x - 43. What are the prime factors of x?
13
Let j(x) = x**2 + 3*x + 4. Let q be j(-4). Let u be 42/4*q/6. Suppose u = -f + 3*f. What are the prime factors of f?
7
Let q(w) = 7*w + 2. Suppose -2*d - 6 = -5*d. List the prime factors of q(d).
2
Suppose 91 + 89 = 4*y. What are the prime factors of y?
3, 5
List the prime factors of 2/(-3) + 519/9.
3, 19
What are the prime factors of 1 - -65 - 0/4?
2, 3, 11
Let g(z) = 3*z**2 - 2*z - 1. Let f be g(-1). Suppose 2*d + 3*v - 30 = 0, -3*v - v = -d + 15. Suppose -41 = -f*k + d. What are the prime factors of k?
2, 7
Let g(r) = r**3 - 18*r**2 + 18*r - 24. Let m be g(17). Suppose 0 = -h + 4*n - 1, n - 61 = -5*h - n. Let o = h + m. What are the prime factors of o?
2
Let c(n) = n**2 + 5*n + 4. Let r be c(-4). Suppose -4*j - 33 + 109 = r. Let q = -8 + j. List the prime factors of q.
11
List the prime factors of 4556/85*(0 + 5).
2, 67
What are the prime factors of ((-18)/(-15))/((-1)/(-15))?
2, 3
Let g = -47 + 83. Suppose 3*k = -0*k + g. List the prime factors of k.
2, 3
Suppose -a = a. Suppose 3*v + 3*r - 8 = 19, a = v - 5*r + 3. List the prime factors of v.
7
Suppose o - 6*o - 4*d + 300 = 0, 4*d = 5*o - 340. Suppose 2*v - o = -6. What are the prime factors of v?
29
Let n = -1 + -4. Let l = 10 + n. Suppose 2*h = 5*v - 3*h - 85, l*v - 53 = -3*h. What are the prime factors of v?
13
Let y = 183 + -128. What are the prime factors of y?
5, 11
Suppose 14*m - 20*m = -432. What are the prime factors of m?
2, 3
Let o(f) = -f**3 + 8*f**2 - 8*f - 6. Let l be o(6). Suppose -l + 68 = 5*h. List the prime factors of h.
2, 5
Let j(f) be the first derivative of -f**5/40 - f**4/12 + 2*f**3/3 - 1. Let o(b) be the third derivative of j(b). List the prime factors of o(-4).
2, 5
Let j = 19 - 34. Let l = -11 - j. Suppose -l*h + 2*s + 15 = s, -3*s - 13 = -4*h. What are the prime factors of h?
2
Suppose -836 = -m - 10*m. List the prime factors of m.
2, 19
Let v(x) = -7*x - 6. Let q be v(-4). Suppose -16 = -2*r + q. What are the prime factors of r?
19
Let p = -250 + 517. Suppose -67 = 5*t - p. List the prime factors of t.
2, 5
Let 